-1975
In base 4, what is 3 + -2103123?
-2103120
In base 3, what is 1 + 1211020112?
1211020120
In base 7, what is -2415 + -6?
-2424
In base 5, what is 2 - -31441140?
31441142
In base 12, what is -39292 + 4?
-3928a
In base 5, what is -12 + -4010433?
-4011000
In base 10, what is 40 - -2413?
2453
In base 8, what is -2321441 - -5?
-2321434
In base 9, what is 11 - 54027?
-54016
In base 11, what is 5 - 333a?
-3335
In base 16, what is -11 - -26?
15
In base 13, what is 4 + -4042?
-403b
In base 4, what is 322033 - 212?
321221
In base 10, what is -23 - 4697?
-4720
In base 4, what is 212101232 + -3?
212101223
In base 11, what is -a3 + 17532?
1743a
In base 14, what is -13 - -c36?
c23
In base 3, what is -22001 - -100?
-21201
In base 8, what is -26740 - 13?
-26753
In base 16, what is 6 - -2415?
241b
In base 11, what is 86241 + 4?
86245
In base 15, what is -7 - 33ab?
-33b3
In base 6, what is -304003 - 20?
-304023
In base 15, what is 1b - -b35?
b51
In base 13, what is 1725 - -4?
1729
In base 15, what is 1a + -a28?
-a0d
In base 4, what is 3 + -3132323?
-3132320
In base 10, what is -131 - -8629?
8498
In base 15, what is -1d + 7db?
7bd
In base 2, what is 100000100 + 101111100000?
110011100100
In base 3, what is -1 + 12000001?
12000000
In base 15, what is 4 + 174ae9?
174aed
In base 7, what is -643225 + 1?
-643224
In base 3, what is 220022 - -1212?
222011
In base 15, what is -49700 + 0?
-49700
In base 12, what is 63 - -2a5?
348
In base 10, what is -6 - 2565?
-2571
In base 10, what is 43 + 3313?
3356
In base 9, what is -353 - 26?
-380
In base 14, what is 76 - -c?
84
In base 4, what is -2 + -1222311?
-1222313
In base 6, what is -14121 + -2505?
-21030
In base 2, what is 1100100101101 + 1111110?
1100110101011
In base 11, what is 284115 + 3?
284118
In base 11, what is -25007 - 3?
-2500a
In base 2, what is -110101 + -1011000?
-10001101
In base 6, what is -5413 + -2?
-5415
In base 7, what is -1 + 2324365?
2324364
In base 14, what is -d2 + -440?
-532
In base 9, what is 4 + 1325?
1330
In base 3, what is -1021100200 + -102?
-1021101002
In base 5, what is 2 - 3431342?
-3431340
In base 4, what is -223112013 + -2?
-223112021
In base 8, what is -4 + -6344?
-6350
In base 16, what is 42fee - -3?
42ff1
In base 4, what is -2211301 - 1?
-2211302
In base 14, what is -6748 + -55?
-679d
In base 2, what is -111100000 - -1111000010?
111100010
In base 6, what is 10130144 + 22?
10130210
In base 6, what is 140532 + -4?
140524
In base 10, what is -190915 - -7?
-190908
In base 10, what is -159 + 1149?
990
In base 3, what is -1200 + 11212112?
11210212
In base 15, what is -16 - -2d2e?
2d18
In base 11, what is -152 - -949?
7a7
In base 9, what is -1 + -161713?
-161714
In base 16, what is -1ec4 + 2?
-1ec2
In base 2, what is -1001 - 10011110?
-10100111
In base 4, what is -2 + 1011121?
1011113
In base 6, what is -124405 - 11?
-124420
In base 3, what is 2001022201022 + 2?
2001022201101
In base 4, what is 11003 - 32?
10311
In base 13, what is -4 + 1cb80?
1cb79
In base 3, what is -1 + -102102020112?
-102102020120
In base 10, what is 1252 - -45?
1297
In base 12, what is 63 - 344?
-2a1
In base 2, what is -1001101111100101 + 10001?
-1001101111010100
In base 13, what is 150 + -906?
-786
In base 6, what is 102 - -4412?
4514
In base 11, what is -1267 - 37?
-12a3
In base 14, what is 1aa - 28?
182
In base 12, what is 4b - -125?
174
In base 13, what is 3 - 1a705?
-1a702
In base 6, what is -511014 + 2?
-511012
In base 7, what is 2315 - -2226?
4544
In base 10, what is -2640859 + -1?
-2640860
In base 16, what is 87 + 17c?
203
In base 10, what is 172 + -59?
113
In base 11, what is 12038 + -7?
12031
In base 15, what is 10dcb + 3?
10dce
In base 3, what is -212021020 + -2?
-212021022
In base 2, what is -100110100 + 110101100000?
110000101100
In base 12, what is 4 - -53b?
543
In base 11, what is -a + 3a0?
391
In base 11, what is 19956 - -13?
19969
In base 10, what is 5 - -4466?
4471
In base 3, what is 12212 + 1120002212?
1120022201
In base 7, what is -33643 + -153?
-34126
In base 12, what is -5564209 + -3?
-5564210
In base 12, what is -7b427 + 5?
-7b422
In base 2, what is -101111 + 1110110111100?
1110110001101
In base 12, what is -4460b - -2?
-44609
In base 10, what is -170297 + -6?
-170303
In base 5, what is -3 - 40302?
-40310
In base 4, what is -22200 - -232?
-21302
In base 2, what is 100110010101 - -110?
100110011011
In base 9, what is -1 + -32015?
-32016
In base 13, what is -3 + -1a32?
-1a35
In base 13, what is b3 - b1?
2
In base 13, what is -4 + -3b33?
-3b37
In base 14, what is -4 - -15a25?
15a21
In base 11, what is -1055 - 17?
-1071
In base 10, what is -3324 + -79?
-3403
In base 11, what is -105 - 287a?
-2984
In base 16, what is 8 - -c956?
c95e
In base 7, what is 4 - 4606045?
-4606041
In base 14, what is 0 + 28d7?
28d7
In base 4, what is 110233 + -32?
110201
In base 7, what is 135 - 44?
61
In base 12, what is 2 - 529b9?
-529b7
In base 4, what is -131020032132 + 1?
-131020032131
In base 5, what is -10001 + 1031?
-3420
In base 16, what is bd8b + -5?
bd86
In base 11, what is a68 + -49?
a1a
In base 16, what is -63407 + 2?
-63405
In base 13, what is 206a - 7?
2063
In base 3, what is -110022101022 + 11?
-110022101011
In base 6, what is -1532421 + 1?
-1532420
In base 6, what is -20344 - 1?
-20345
In base 10, what is 0 + -23195?
-23195
In base 5, what is 32323 - 222?
32101
In base 4, what is 112033 + 300?
112333
In base 7, what is -12323 + -1003?
-13326
In base 12, what is -2 + 2b524?
2b522
In base 12, what is -5 + -612b60?
-612b65
In base 8, what is -10734 - -365?
-10347
In base 10, what is -1 + 4787?
4786
In base 15, what is 1c + 1b750?
1b76c
In base 15, what is -20 - 1118?
-1138
In base 2, what is -100101001011001011 + 11?
-100101001011001000
In base 7, what is -4145 + -1614?
-6062
In base 11, what is 5 + 289a18?
289a22
In base 16, what is 769 - 7a?
6ef
In base 11, what is 18 + 115a3?
11610
In base 11, what is 5 - -52207?
52211
In base 5, what is -10001312 + 4?
-10001303
In base 12, what is 0 + 5103?
5103
In base 15, what is -7855d - -4?
-78559
In base 3, what is -110002210 - -1?
-110002202
In base 14, what is 0 - -d51?
d51
In base 5, what is 443 - -3133?
4131
In base 7, what is -52312 + 13?
-52266
In base 2, what is -1011110111001111100 + 11?
-1011110111001111001
In base 15, what is 0 + 7533?
7533
In base 8, what is -1 + -1636310?
-1636311
In base 3, what is -122 - -122121?
121222
In base 5, what is 1 + 14042033?
14042034
In base 4, what is -13 - -123302?
123223
In base 6, what is -515 - -1402?
443
In base 10, what is 14722 - -8?
14730
In base 15, what is -1b4 - -108?
-ab
In base 6, what is 113425034 - -4?
113425042
In base 10, what is 16 - 8526?
-8510
In base 4, what is 231131330 + -10?
231131320
In base 6, what is 50 + 453?
543
In base 9, what is -85682 + 0?
-85682
In base 4, what is 1332333220 - 11?
1332333203
In base 15, what is 10284c + -4?
102848
In base 3, what is -20121020 - -1201?
-20112112
In base 3, what is -1 + 101122001?
101122000
In base 8, what is 116 + 12730?
13046
In base 11, what is -6a2 + 847?
155
In base 6, what is -1320 + -103?
-1423
In base 13, what is 18 - 1093?
-1078
In base 7, what is 3143 - 1162?
1651
In base 16, what is -59b + -91?
-62c
In base 4, what is -100121003 + 11?
-100120332
In base 3, what is 2212 + -10102010?
-10022021
In base 12, what is 0 + 116a40?
116a40
In base 2, what is -10101011110000011 + -100?
-10101011110000111
In base 3, what is 10122220 - 122011?
10000202
In base 8, what is 4162 + 236?
4420
In base 12, what is -225b66 + 4?
-225b62
In base 15, what is b + 29c2?
29cd
In base 3, what is -12121112 + -2?
-12121121
In base 14, what is -2d3a + 1?
-2d39
In base 3, what is -112102112011 + -12?
-112102112100
In base 8, what is 132 + 25511?
25643
In base 11, what is -18420 + 42?
-18389
In base 11, what is 3 + -5727a?
-57277
In base 3, what is -201 - -2020221021?
2020220120
In base 9, what is 62 + -6868?
-6806
In base 12, what is -1b96a + 2?
-1b968
In base 15, what is -2b97 + -c8?
-2c70
In base 15, what is -c - dcd9?
-dce6
In base 7, what is 253 - -1162?
1445
In base 7, what is -103441 - 1?
-103442
In base 10, what is 35 + -2442?
-2407
In base 6, what is -1 + 11343213?
11343212
In base 11, what is -10279 + 120?
-10159
In base 6, what is -231 + 334?
103
In base 8, what is -110 